 - 342. Determine r(-61).
-37
Let a(p) = 3133*p - 9432. Determine a(3).
-33
Let o(q) = -3*q**2 + 100*q + 58. Calculate o(34).
-10
Let p(v) = v**2 - 11*v + 25. Determine p(-5).
105
Let v(q) = -88*q - 234. Determine v(-6).
294
Let f(z) = z**2 + 3*z - 19. Calculate f(-16).
189
Let l(h) = -2*h**3 + 75*h**2 - 227*h + 54. Determine l(34).
428
Let s(p) = 6*p**3 - 979*p**2 - 820*p - 8. Determine s(164).
-8
Let h(m) = 13*m + 598. Determine h(-46).
0
Let p(j) = j**3 + 9*j**2 + 3*j - 46. Calculate p(-7).
31
Let n(i) = 3*i**3 + 21*i**2 - 3587*i - 25105. Give n(-7).
4
Let g(i) = -i**3 - 2*i**2 + 29*i + 84. Determine g(-5).
14
Let t(z) = -42*z + 380. Calculate t(11).
-82
Let s(n) = n**3 + 27*n**2 + 19*n - 162. Give s(-26).
20
Let z(u) = u**3 + 15*u**2 + 29*u + 78. What is z(-13)?
39
Let q(g) = -g**3 - 4*g**2 + 73*g + 287. Calculate q(-4).
-5
Let j(o) = 749*o + 19481. What is j(-26)?
7
Let a(x) = -x**2 - 12*x - 21. What is a(-18)?
-129
Let u(t) = 3*t**3 + 7*t**2 - 31*t - 3. Calculate u(-7).
-472
Let a(s) = -2*s**2 + 12*s - 43. Give a(7).
-57
Let g(h) = -174*h + 5905. Give g(34).
-11
Let v(b) = 2*b**2 + 46*b - 48. Give v(-25).
52
Let s(u) = 2*u**2 - 66*u - 137. Give s(34).
-69
Let o(v) = v**2 + 20*v - 115. What is o(-24)?
-19
Let w(h) = -3*h**3 + 206*h**2 + 71*h + 56. What is w(69)?
194
Let t(x) = x**2 - 9*x + 8. Determine t(10).
18
Let f(a) = -a**3 - 5*a**2 + 8*a - 5. Calculate f(3).
-53
Let i(y) = -2*y**2 + 49*y - 37. Give i(24).
-13
Let w(y) = -19*y + 795. Determine w(41).
16
Let n(q) = -q**3 - 46*q**2 - 397*q + 6. Give n(-13).
-410
Let f(c) = -1005*c - 1014. Calculate f(-1).
-9
Let k(z) = -z**3 - 3*z**2 - 53*z - 153. Give k(-3).
6
Let n(q) = q**3 - 20*q**2 + 15*q + 53. What is n(19)?
-23
Let f(x) = 45*x - 808. What is f(14)?
-178
Let w(m) = 4*m**2 - 21*m + 166. Give w(6).
184
Let q(u) = u**2 - 25*u - 108. Determine q(30).
42
Let t(w) = -w**3 + 38*w**2 + 79*w + 63. What is t(40)?
23
Let q(f) = f**3 - 2*f**2 - 13*f + 35. Determine q(3).
5
Let r(z) = -2247*z - 4476. Determine r(-2).
18
Let f(x) = -x**2 - 266*x + 6333. Determine f(22).
-3
Let j(z) = -2*z**2 - 31*z - 85. Give j(-12).
-1
Let j(i) = 2*i**3 - 2*i**2 + 9*i - 16. Determine j(2).
10
Let b(s) = 31*s + 302. Calculate b(-7).
85
Let i(h) = -34*h + 2965. Calculate i(87).
7
Let k(x) = -18*x - 3. Calculate k(0).
-3
Let t(u) = 44*u - 5223. Calculate t(119).
13
Let a(l) = 4*l**2 - 41*l + 25. Give a(10).
15
Let b(z) = -117*z - 455. Give b(-4).
13
Let y(z) = -z**3 + 4*z**2 - 24*z + 49. Give y(2).
9
Let x(k) = -6*k**2 + 77*k - 178. Calculate x(3).
-1
Let z(q) = -453*q + 5113. Determine z(11).
130
Let j(s) = -16*s**3 - s**2 - s. Calculate j(1).
-18
Let l(f) = 75*f - 74. What is l(1)?
1
Let k(t) = 103*t + 9058. Determine k(-88).
-6
Let p(n) = 4*n**3 + 5*n**2 + 5. Calculate p(3).
158
Let k(o) = -28*o - 1525. Calculate k(-55).
15
Let b(s) = 294*s - 19091. Give b(65).
19
Let k(q) = -80*q - 725. What is k(-5)?
-325
Let v(u) = -u**3 - 8*u**2 + 15*u - 30. What is v(-10)?
20
Let m(t) = 2*t**2 + 5*t + 21. Give m(3).
54
Let u(d) = -d**3 - 15*d**2 - 49*d - 9. Determine u(-7).
-58
Let o(z) = -40*z + 514. Determine o(13).
-6
Let g(r) = 36*r - 564. Give g(19).
120
Let i(z) = 15*z**3 - 5*z**2 - 2*z + 19. Calculate i(3).
373
Let h(y) = 109*y - 1237. What is h(3)?
-910
Let y(v) = -316*v - 310. What is y(-1)?
6
Let n(h) = -74*h - 14537. Give n(-197).
41
Let r(d) = -d**3 + 7*d**2 - 10*d + 4. Calculate r(4).
12
Let d(f) = -18*f + 145. What is d(11)?
-53
Let w(k) = -k**2 + 12*k + 479. What is w(-17)?
-14
Let g(u) = u**3 + 19*u**2 - 38*u - 1026. Calculate g(-18).
-18
Let d(x) = -x**3 - 34*x**2 - 63*x + 75. Give d(-32).
43
Let u(i) = -i**3 - 2*i**2 - 57*i - 366. Determine u(-5).
-6
Let n(w) = 4*w**2 + 397*w - 2980. Determine n(7).
-5
Let n(k) = -12*k**2 - 113*k - 174. Determine n(-8).
-38
Let j(a) = -2*a**2 - 1359*a + 4069. Determine j(3).
-26
Let g(r) = -r**3 - 2*r**2 - 739*r - 254. Calculate g(0).
-254
Let d(h) = 15*h + 27. What is d(2)?
57
Let z(y) = y**2 - 9*y - 42. Calculate z(13).
10
Let b(p) = -p**3 + 68*p**2 - 2*p + 61. What is b(68)?
-75
Let l(s) = 172*s + 2. What is l(0)?
2
Let q(a) = 3*a**2 + 60*a + 170. Determine q(-3).
17
Let o(x) = 76*x**2 - 9*x - 4. Determine o(-1).
81
Let c(d) = -604*d**3 + 2*d**2 - 10*d - 12. What is c(-1)?
604
Let w(r) = -12*r - 468. What is w(-42)?
36
Let q(v) = v**3 - 9*v**2 + 342*v - 4043. Determine q(11).
-39
Let h(a) = -136*a - 218. Give h(-2).
54
Let i(a) = 183*a + 1472. Determine i(-8).
8
Let v(p) = -p**2 + 35*p + 1575. Give v(61).
-11
Let n(c) = -c**2 - 71*c + 1337. Give n(19).
-373
Let f(i) = 2*i**2 - 16*i - 3842. What is f(-40)?
-2
Let f(g) = -7*g - 88. What is f(-13)?
3
Let u(m) = -29*m**2 + 139*m + 26. Calculate u(5).
-4
Let q(f) = 8*f**3 - 3*f**2 - 2*f - 2. Calculate q(2).
46
Let a(o) = -8819*o + 35278. Determine a(4).
2
Let b(k) = -6*k**3 + 4*k**2 + 86*k - 89. What is b(1)?
-5
Let v(g) = -4*g**2 - 3*g - 77. Determine v(10).
-507
Let j(a) = 2*a**3 - 16*a**2 + 12*a + 19. Determine j(7).
5
Let r(a) = -a**2 - 44*a - 336. Calculate r(-10).
4
Let h(g) = -29*g - 1051. Determine h(-36).
-7
Let r(j) = -2*j**3 + 14*j**2 - 10*j - 6. Determine r(6).
6
Let g(b) = 13*b - 128. Determine g(11).
15
Let y(h) = -59*h**3 - 2*h**2 + 3*h + 3. Calculate y(-1).
57
Let v(p) = -p**3 + 23*p**2 - 11*p - 22. Calculate v(8).
850
Let z(l) = 1645*l - 75672. Determine z(46).
-2
Let k(c) = 2*c**3 + 59*c**2 + 21*c - 241. What is k(-29)?
-9
Let w(g) = -245*g - 8572. Determine w(-35).
3
Let c(w) = w**2 + 140*w + 1184. Give c(-9).
5
Let l(o) = -12*o + 39. What is l(12)?
-105
Let d(b) = -4*b**3 - 354*b**2 + 181*b + 213. Give d(-89).
-54
Let p(y) = 394*y + 428. Determine p(-1).
34
Let h(l) = l**3 + 12*l**2 - 17*l + 35. Determine h(-14).
-119
Let l(d) = -d**3 - 10*d**2 + 35*d + 78. Calculate l(-8).
-330
Let f(t) = -21*t**2 + 48*t + 256. Determine f(-5).
-509
Let p(w) = -w**3 + 10*w**2 - 77*w + 366. What is p(7)?
-26
Let z(q) = 2*q**2 + 64*q - 649. Give z(-40).
-9
Let l(g) = -29*g**2 - 133*g - 73. What is l(-4)?
-5
Let v(d) = -120*d - 2393. Determine v(-20).
7
Let y(l) = l**2 + 159*l + 1654. Give y(-11).
26
Let p(j) = -2*j**3 + 28*j**2 - 43*j + 229. What is p(13)?
8
Let y(d) = 2*d**3 - 24*d**2 - 37*d + 16. Calculate y(13).
-127
Let l(y) = -y**3 - 44*y**2 + 64*y + 12. Give l(-46).
1300
Let s(p) = p**3 + 3*p**2 + 6*p - 17. Determine s(4).
119
Let t(n) = -n**2 - 15*n - 49. Give t(-9).
5
Let u(j) = j**2 - 886*j - 20896. Determine u(-23).
11
Let g(v) = -779*v + 12460. Calculate g(16).
-4
Let z(b) = b**2 + 31*b + 70. Determine z(-28).
-14
Let i(r) = -r**3 - 12*r**2 - 30*r + 45. Determine i(-8).
29
Let k(x) = 4*x**2 + 30*x. What is k(-8)?
16
Let o(u) = 323*u - 1294. Calculate o(4).
-2
Let m(j) = 153*j - 1616. What is m(11)?
67
Let a(j) = 615*j - 19670. Determine a(32).
10
Let j(a) = 32*a + 7. Calculate j(5).
167
Let m(h) = 2*h**2 - 136*h - 166. What is m(69)?
-28
Let t(m) = -71*m + 1271. Determine t(18).
-7
Let s(f) = f**2 - 409*f + 3205. Give s(8).
-3
Let r(d) = d**3 + 28*d**2 - 80*d + 112. Determine r(-31).
-291
Let v(w) = 31*w + 66. What is v(-14)?
-368
Let g(b) = -537*b + 37050. What is g(69)?
-3
Let c(b) = -2*b**3 - 15*b**2 + 3*b + 17. What is c(-8)?
57
Let s(b) = -2*b**2 - 121*b - 1461. Give s(-16).
-37
Let z(j) = 28*j - 110. What is z(11)?
198
Let u(c) = -2*c + 84. What is u(10)?
64
Let r(v) = -2*v**2 + 64*v + 30237. Calculate r(140).
-3
Let r(h) = h**2 + 33*h + 219. Give r(-24).
3
Let p(m) = -10*m**2 + 16*m - 12. Give p(2).
-20
Let z(q) = -2*q**2 - 2*q + 17. Calculate z(2).
5
Let x(y) = -y**3 - 14*y**2 - 18*y + 37. Calculate x(-12).
-35
Let a(p) = 170*p - 388. Calculate a(2).
-48
Let o(c) = 13*c**2 - 229*c + 449. Determine o(2).
43
Let h(z) = z**3 + 26*z**2 + 51*z - 32. Determine h(-24).
-104
Let h(d) = 2*d**3 + 23*d**2 + 82*d + 330. What is h(-9)?
-3
Let i(z) = z**2 + 21*z + 742. What is i(-26)?
872
Let v(m) = -m**3 - 45*m**2 - 9*m + 261. What is v(-45)?
666
Let r(h) = h**3 + 54*h**2 + 101*h - 468. What is r(-52)?
-312
Let f(u) = 1190*u + 17847. Determine f(-15).
-3
Let i(x) = -29*x**2 + 235*x + 220. Determine i(9).
-14
Let j(m) = -18*m + 84. Calculate j(3).
30
Let m(i) = i**3 + 14*i**2 + 35*i + 4. Calculate m(-11).
-18
Let g(s) = s**3 + 75*s**2 - 4*s - 137. Give g(-75).
163
Let r(z) = -z**2 - 64*z - 884. Calculate r(-44